{"id":18,"date":"2021-10-24T17:14:31","date_gmt":"2021-10-24T15:14:31","guid":{"rendered":"https:\/\/blackblast.de\/?page_id=18"},"modified":"2022-01-14T16:08:23","modified_gmt":"2022-01-14T15:08:23","slug":"willkommen","status":"publish","type":"page","link":"https:\/\/blackblast.de\/","title":{"rendered":"Herzlich Willkommen"},"content":{"rendered":"\n<p>Wie du siehst ist diese Seite derzeit noch komplett im Aufbau.<br>Was erwartet dich hier?<br><\/p>\n\n\n\n<p>Auf diesen Seiten werde ich \u00fcber unsere Erfahrungen mit Elektromobilit\u00e4t im Alltag und auf Reisen berichten.<br>Vorstellung der Fahrzeuge, auch E-Bikes und wie alles begann.<br><\/p>\n\n\n\n<p>\u00dcber Nachhaltigkeit und was das f\u00fcr uns pers\u00f6nlich bedeutet.<\/p>\n\n\n\n<p>Wahrscheinlich auch \u00fcber meine weiteren Hobbies, da gibt es noch so einiges.<br>Lass dich \u00fcberraschen. Ich w\u00fcrde mich freuen, wenn du wieder vorbeischaust.<\/p>\n","protected":false},"excerpt":{"rendered":"<p>Wie du siehst ist diese Seite derzeit noch komplett im Aufbau.Was erwartet dich hier? Auf diesen Seiten werde ich \u00fcber unsere Erfahrungen mit Elektromobilit\u00e4t im Alltag und auf Reisen berichten.Vorstellung der Fahrzeuge, auch E-Bikes und wie alles begann. \u00dcber Nachhaltigkeit&#8230;<\/p>\n","protected":false},"author":1,"featured_media":0,"parent":0,"menu_order":0,"comment_status":"closed","ping_status":"closed","template":"","meta":{"footnotes":""},"class_list":["post-18","page","type-page","status-publish","hentry"],"_links":{"self":[{"href":"https:\/\/blackblast.de\/index.php\/wp-json\/wp\/v2\/pages\/18","targetHints":{"allow":["GET"]}}],"collection":[{"href":"https:\/\/blackblast.de\/index.php\/wp-json\/wp\/v2\/pages"}],"about":[{"href":"https:\/\/blackblast.de\/index.php\/wp-json\/wp\/v2\/types\/page"}],"author":[{"embeddable":true,"href":"https:\/\/blackblast.de\/index.php\/wp-json\/wp\/v2\/users\/1"}],"replies":[{"embeddable":true,"href":"https:\/\/blackblast.de\/index.php\/wp-json\/wp\/v2\/comments?post=18"}],"version-history":[{"count":4,"href":"https:\/\/blackblast.de\/index.php\/wp-json\/wp\/v2\/pages\/18\/revisions"}],"predecessor-version":[{"id":100,"href":"https:\/\/blackblast.de\/index.php\/wp-json\/wp\/v2\/pages\/18\/revisions\/100"}],"wp:attachment":[{"href":"https:\/\/blackblast.de\/index.php\/wp-json\/wp\/v2\/media?parent=18"}],"curies":[{"name":"wp","href":"https:\/\/api.w.org\/{rel}","templated":true}]}}